{"id":7373,"date":"2021-09-08T22:39:01","date_gmt":"2021-09-08T22:39:01","guid":{"rendered":"http:\/\/www.hercruz.com\/?page_id=7373"},"modified":"2021-11-02T11:36:29","modified_gmt":"2021-11-02T11:36:29","slug":"almacenaje","status":"publish","type":"page","link":"https:\/\/www.hercruz.com\/index.php\/almacenaje\/","title":{"rendered":"ALMACENAJE"},"content":{"rendered":"<div class=\"\" style=\"\" >\n    \n    <section class=\"u-clearfix u-image u-shading u-typography-Normal--Introduction u-section-2\" src=\"\" id=\"sec-0d5e\" data-image-width=\"150\" data-image-height=\"90\">\n      <div class=\"u-clearfix u-sheet u-sheet-1\">\n        <div class=\"u-align-left u-container-style u-expanded-width-sm u-expanded-width-xs u-group u-similar-fill u-group-1\">\n          <div class=\"u-container-layout u-valign-middle-lg u-valign-middle-md u-valign-middle-xl u-valign-middle-xs u-container-layout-1\">\n            <h5 class=\"u-custom-font u-heading-font u-text u-text-body-alt-color u-text-1\">SUMINISTROS HERCRUZ<\/h5>\n            <h1 class=\"u-text u-text-2\">ALMACENAJE<\/h1>\n          <\/div>\n        <\/div>\n      <\/div>\n    <\/section>\n    <section class=\"u-clearfix u-image u-section-3\" id=\"sec-dbf4\" data-image-width=\"150\" data-image-height=\"119\">\n      <div class=\"u-clearfix u-sheet u-sheet-1\">\n        <div class=\"u-clearfix u-expanded-width u-gutter-20 u-layout-wrap u-layout-wrap-1\">\n          <div class=\"u-layout\">\n            <div class=\"u-layout-row\">\n              <div class=\"u-size-30 u-size-60-md\">\n                <div class=\"u-layout-row\">\n                  <div class=\"u-align-left u-container-style u-hidden-md u-hidden-sm u-hidden-xs u-layout-cell u-left-cell u-size-60 u-layout-cell-1\">\n                    <div class=\"u-container-layout u-container-layout-1\"><\/div>\n                  <\/div>\n                <\/div>\n              <\/div>\n              <div class=\"u-size-30 u-size-60-md\">\n                <div class=\"u-layout-col\">\n                  <div class=\"u-size-40\">\n                    <div class=\"u-layout-row\">\n                      <div class=\"u-container-style u-grey-5 u-layout-cell u-opacity u-opacity-85 u-right-cell u-size-60 u-layout-cell-2\">\n                        <div class=\"u-container-layout u-valign-middle u-container-layout-2\">\n                          <h2 class=\"u-text u-text-1\">ALMACENAMIENTO.<\/h2>\n                          <p class=\"u-text u-text-2\"> Una&nbsp;<b>caja de herramientas<\/b>&nbsp;es un contenedor utilizado para organizar, contener y transportar&nbsp;<a href=\"https:\/\/es.wikipedia.org\/wiki\/Herramienta\" title=\"Herramienta\" class=\"u-active-none u-border-none u-btn u-button-style u-hover-none u-none u-text-palette-1-base u-btn-1\">herramientas<\/a>.\n                          <\/p>\n                        <\/div>\n                      <\/div>\n                    <\/div>\n                  <\/div>\n                  <div class=\"u-size-20\">\n                    <div class=\"u-layout-row\">\n                      <div class=\"u-align-left u-container-style u-grey-5 u-layout-cell u-opacity u-opacity-85 u-size-30 u-layout-cell-3\">\n                        <div class=\"u-container-layout u-container-layout-3\"><span class=\"u-icon u-icon-circle u-icon-1\"><svg class=\"u-svg-link\" preserveAspectRatio=\"xMidYMin slice\" viewBox=\"0 0 60 60\" style=\"undefined\"><use xlink:href=\"#svg-a94f\"><\/use><\/svg><svg class=\"u-svg-content\" viewBox=\"0 0 60 60\" x=\"0px\" y=\"0px\" id=\"svg-a94f\" style=\"enable-background:new 0 0 60 60;\"><g><path d=\"M56.612,4.569c-0.391-0.391-1.023-0.391-1.414,0s-0.391,1.023,0,1.414c3.736,3.736,3.736,9.815,0,13.552\n\t\tc-0.391,0.391-0.391,1.023,0,1.414c0.195,0.195,0.451,0.293,0.707,0.293s0.512-0.098,0.707-0.293\n\t\tC61.128,16.434,61.128,9.085,56.612,4.569z\"><\/path><path d=\"M52.401,6.845c-0.391-0.391-1.023-0.391-1.414,0s-0.391,1.023,0,1.414c1.237,1.237,1.918,2.885,1.918,4.639\n\t\ts-0.681,3.401-1.918,4.638c-0.391,0.391-0.391,1.023,0,1.414c0.195,0.195,0.451,0.293,0.707,0.293s0.512-0.098,0.707-0.293\n\t\tc1.615-1.614,2.504-3.764,2.504-6.052S54.017,8.459,52.401,6.845z\"><\/path><path d=\"M4.802,5.983c0.391-0.391,0.391-1.023,0-1.414s-1.023-0.391-1.414,0c-4.516,4.516-4.516,11.864,0,16.38\n\t\tc0.195,0.195,0.451,0.293,0.707,0.293s0.512-0.098,0.707-0.293c0.391-0.391,0.391-1.023,0-1.414\n\t\tC1.065,15.799,1.065,9.72,4.802,5.983z\"><\/path><path d=\"M9.013,6.569c-0.391-0.391-1.023-0.391-1.414,0c-1.615,1.614-2.504,3.764-2.504,6.052s0.889,4.438,2.504,6.053\n\t\tc0.195,0.195,0.451,0.293,0.707,0.293s0.512-0.098,0.707-0.293c0.391-0.391,0.391-1.023,0-1.414\n\t\tc-1.237-1.237-1.918-2.885-1.918-4.639S7.775,9.22,9.013,7.983C9.403,7.593,9.403,6.96,9.013,6.569z\"><\/path><circle cx=\"30\" cy=\"53\" r=\"2\"><\/circle><path d=\"M42.595,0H17.405C14.976,0,13,1.977,13,4.405v51.189C13,58.023,14.976,60,17.405,60h25.189C45.024,60,47,58.023,47,55.595\n\t\tV4.405C47,1.977,45.024,0,42.595,0z M33,3h1c0.552,0,1,0.447,1,1s-0.448,1-1,1h-1c-0.552,0-1-0.447-1-1S32.448,3,33,3z M26,3h4\n\t\tc0.552,0,1,0.447,1,1s-0.448,1-1,1h-4c-0.552,0-1-0.447-1-1S25.448,3,26,3z M30,57c-2.206,0-4-1.794-4-4s1.794-4,4-4s4,1.794,4,4\n\t\tS32.206,57,30,57z M45,46H15V8h30V46z\"><\/path>\n<\/g><\/svg><\/span>\n                        <\/div>\n                      <\/div>\n                      <div class=\"u-align-left u-container-style u-grey-5 u-layout-cell u-opacity u-opacity-85 u-right-cell u-size-30 u-layout-cell-4\">\n                        <div class=\"u-container-layout u-container-layout-4\"><span class=\"u-icon u-icon-circle u-text-palette-1-base u-icon-2\"><svg class=\"u-svg-link\" preserveAspectRatio=\"xMidYMin slice\" viewBox=\"0 0 470 470\" style=\"undefined\"><use xlink:href=\"#svg-7ca8\"><\/use><\/svg><svg xmlns=\"http:\/\/www.w3.org\/2000\/svg\" xmlns:xlink=\"http:\/\/www.w3.org\/1999\/xlink\" version=\"1.1\" viewBox=\"0 0 470 470\" enable-background=\"new 0 0 470 470\" id=\"svg-7ca8\" class=\"u-svg-content\"><g><path d=\"m167.313,209.123c-2.12-3.559-6.723-4.726-10.281-2.605l-87.369,52.039c-2.271,1.352-3.663,3.8-3.663,6.443s1.392,5.091 3.662,6.443l87.369,52.039c1.203,0.717 2.525,1.058 3.831,1.058 2.556,0 5.048-1.308 6.45-3.663 2.12-3.559 0.953-8.162-2.605-10.281l-76.551-45.596 76.551-45.596c3.559-2.119 4.726-6.722 2.606-10.281z\"><\/path><path d=\"m302.688,320.877c1.403,2.356 3.894,3.663 6.45,3.663 1.306,0 2.628-0.341 3.831-1.058l87.369-52.039c2.271-1.353 3.662-3.8 3.662-6.443s-1.392-5.091-3.662-6.443l-87.369-52.039c-3.558-2.12-8.163-0.954-10.281,2.605-2.12,3.559-0.953,8.162 2.605,10.281l76.551,45.596-76.551,45.596c-3.559,2.119-4.726,6.722-2.605,10.281z\"><\/path><path d=\"m263.72,208.78l-69.893,104.078c-2.309,3.438-1.394,8.098 2.045,10.408 1.284,0.862 2.737,1.274 4.175,1.274 2.415,0 4.786-1.165 6.233-3.32l69.893-104.078c2.309-3.438 1.394-8.098-2.045-10.408-3.441-2.309-8.1-1.392-10.408,2.046z\"><\/path><path d=\"m462.5,22.5h-455c-4.143,0-7.5,3.358-7.5,7.5v410c0,4.142 3.357,7.5 7.5,7.5h455c4.143,0 7.5-3.358 7.5-7.5v-80c0-4.142-3.357-7.5-7.5-7.5s-7.5,3.358-7.5,7.5v72.5h-440v-335h440v232.5c0,4.142 3.357,7.5 7.5,7.5s7.5-3.358 7.5-7.5v-300c0-4.142-3.357-7.5-7.5-7.5zm-447.5,15h277.5v45h-277.5v-45zm292.5,45v-45h147.5v45h-147.5z\"><\/path><path d=\"m381.5,52c-4.411,0-8,3.589-8,8s3.589,8 8,8 8-3.589 8-8-3.589-8-8-8z\"><\/path><path d=\"m340.5,52c-4.411,0-8,3.589-8,8s3.589,8 8,8 8-3.589 8-8-3.589-8-8-8z\"><\/path><path d=\"m422.5,52c-4.411,0-8,3.589-8,8s3.589,8 8,8 8-3.589 8-8-3.589-8-8-8z\"><\/path>\n<\/g><\/svg><\/span>\n                        <\/div>\n                      <\/div>\n                    <\/div>\n                  <\/div>\n                <\/div>\n              <\/div>\n            <\/div>\n          <\/div>\n        <\/div>\n      <\/div>\n    <\/section>\n    <section class=\"u-align-center u-clearfix u-section-4\" id=\"sec-75f5\">\n      <div class=\"u-clearfix u-sheet u-valign-middle u-sheet-1\">\n        <div class=\"u-expanded-width u-layout-grid u-pagination-center u-products u-products-1\">\n          <div class=\"u-repeater u-repeater-1\">\n            <div class=\"u-align-center u-container-style u-grey-10 u-products-item u-repeater-item u-repeater-item-1\">\n              <div class=\"u-container-layout u-similar-container u-valign-top u-container-layout-1\">\n                <img decoding=\"async\" alt=\"\" class=\"u-expanded-width u-image u-image-default u-product-control u-image-1\" src=\"https:\/\/www.hercruz.com\/wp-content\/uploads\/2021\/09\/WS-8023-BANCO-DE-TRABAJO-MOVIL.png\" style=\"cursor:pointer;\" data-product-control=\"https:\/\/www.hercruz.com\/index.php\/product\/ws-8023-banco-de-trabajo-movil\/\">\n                <h4 class=\"u-align-center u-product-control u-text u-text-1\">\n                  <a class=\"u-product-title-link\" href=\"https:\/\/www.hercruz.com\/index.php\/product\/ws-8023-banco-de-trabajo-movil\/\">WS-8023 BANCO DE TRABAJO M\u00d3VIL<\/a>\n                <\/h4>\n                <div class=\"u-product-control u-product-price u-product-price-1\">\n                  <div class=\"u-price-wrapper u-spacing-10\"><!--product_old_price-->\n                    <div class=\"u-hide-price u-old-price\" wfd-invisible=\"true\">\n                    <\/div><!--\/product_old_price--><!--product_regular_price-->\n                    <div class=\"u-price\" style=\"font-size: 1.25rem; font-weight: 600;\"><span class=\"woocommerce-Price-amount amount\"><bdi>888,00<span class=\"woocommerce-Price-currencySymbol\">&euro;<\/span><\/bdi><\/span>\n                    <\/div><!--\/product_regular_price-->\n                  <\/div>\n                <\/div>\n                <a data-quantity=\"1\" data-product_id=\"7431\" data-product_sku=\"\" href=\"?add-to-cart=7431\" class=\"u-border-active-none u-border-hover-none u-btn u-btn-rectangle u-button-style u-none u-product-control u-text-palette-1-base u-btn-1 button product_type_simple add_to_cart_button ajax_add_to_cart\">A\u00f1adir al carrito<\/a>\n              <\/div>\n            <\/div>\n            <div class=\"u-align-center u-container-style u-grey-10 u-products-item u-repeater-item u-repeater-item-1\">\n              <div class=\"u-container-layout u-similar-container u-valign-top u-container-layout-1\">\n                <img decoding=\"async\" alt=\"\" class=\"u-expanded-width u-image u-image-default u-product-control u-image-1\" src=\"https:\/\/www.hercruz.com\/wp-content\/uploads\/2021\/09\/WS-8021-BANCO-DE-TRABAJO-MOVIL.png\" style=\"cursor:pointer;\" data-product-control=\"https:\/\/www.hercruz.com\/index.php\/product\/ws-8021-banco-de-trabajo-movil\/\">\n                <h4 class=\"u-align-center u-product-control u-text u-text-1\">\n                  <a class=\"u-product-title-link\" href=\"https:\/\/www.hercruz.com\/index.php\/product\/ws-8021-banco-de-trabajo-movil\/\">WS-8021 BANCO DE TRABAJO M\u00d3VIL<\/a>\n                <\/h4>\n                <div class=\"u-product-control u-product-price u-product-price-1\">\n                  <div class=\"u-price-wrapper u-spacing-10\"><!--product_old_price-->\n                    <div class=\"u-hide-price u-old-price\" wfd-invisible=\"true\">\n                    <\/div><!--\/product_old_price--><!--product_regular_price-->\n                    <div class=\"u-price\" style=\"font-size: 1.25rem; font-weight: 600;\"><span class=\"woocommerce-Price-amount amount\"><bdi>766,00<span class=\"woocommerce-Price-currencySymbol\">&euro;<\/span><\/bdi><\/span>\n                    <\/div><!--\/product_regular_price-->\n                  <\/div>\n                <\/div>\n                <a data-quantity=\"1\" data-product_id=\"7425\" data-product_sku=\"\" href=\"?add-to-cart=7425\" class=\"u-border-active-none u-border-hover-none u-btn u-btn-rectangle u-button-style u-none u-product-control u-text-palette-1-base u-btn-1 button product_type_simple add_to_cart_button ajax_add_to_cart\">A\u00f1adir al carrito<\/a>\n              <\/div>\n            <\/div>\n            <div class=\"u-align-center u-container-style u-grey-10 u-products-item u-repeater-item u-repeater-item-1\">\n              <div class=\"u-container-layout u-similar-container u-valign-top u-container-layout-1\">\n                <img decoding=\"async\" alt=\"\" class=\"u-expanded-width u-image u-image-default u-product-control u-image-1\" src=\"https:\/\/www.hercruz.com\/wp-content\/uploads\/2021\/09\/WS-7215-ARMARIO-INDUSTRIAL.png\" style=\"cursor:pointer;\" data-product-control=\"https:\/\/www.hercruz.com\/index.php\/product\/ws-7215-armario-industrial\/\">\n                <h4 class=\"u-align-center u-product-control u-text u-text-1\">\n                  <a class=\"u-product-title-link\" href=\"https:\/\/www.hercruz.com\/index.php\/product\/ws-7215-armario-industrial\/\">WS-7215 ARMARIO INDUSTRIAL<\/a>\n                <\/h4>\n                <div class=\"u-product-control u-product-price u-product-price-1\">\n                  <div class=\"u-price-wrapper u-spacing-10\"><!--product_old_price-->\n                    <div class=\"u-hide-price u-old-price\" wfd-invisible=\"true\">\n                    <\/div><!--\/product_old_price--><!--product_regular_price-->\n                    <div class=\"u-price\" style=\"font-size: 1.25rem; font-weight: 600;\"><span class=\"woocommerce-Price-amount amount\"><bdi>907,00<span class=\"woocommerce-Price-currencySymbol\">&euro;<\/span><\/bdi><\/span>\n                    <\/div><!--\/product_regular_price-->\n                  <\/div>\n                <\/div>\n                <a data-quantity=\"1\" data-product_id=\"7423\" data-product_sku=\"\" href=\"?add-to-cart=7423\" class=\"u-border-active-none u-border-hover-none u-btn u-btn-rectangle u-button-style u-none u-product-control u-text-palette-1-base u-btn-1 button product_type_simple add_to_cart_button ajax_add_to_cart\">A\u00f1adir al carrito<\/a>\n              <\/div>\n            <\/div>\n            <div class=\"u-align-center u-container-style u-grey-10 u-products-item u-repeater-item u-repeater-item-1\">\n              <div class=\"u-container-layout u-similar-container u-valign-top u-container-layout-1\">\n                <img decoding=\"async\" alt=\"\" class=\"u-expanded-width u-image u-image-default u-product-control u-image-1\" src=\"https:\/\/www.hercruz.com\/wp-content\/uploads\/2021\/09\/WS-6233-ARMARIO-ARCHIVADOR.png\" style=\"cursor:pointer;\" data-product-control=\"https:\/\/www.hercruz.com\/index.php\/product\/ws-6233-armario-archivador\/\">\n                <h4 class=\"u-align-center u-product-control u-text u-text-1\">\n                  <a class=\"u-product-title-link\" href=\"https:\/\/www.hercruz.com\/index.php\/product\/ws-6233-armario-archivador\/\">WS-6233 ARMARIO ARCHIVADOR<\/a>\n                <\/h4>\n                <div class=\"u-product-control u-product-price u-product-price-1\">\n                  <div class=\"u-price-wrapper u-spacing-10\"><!--product_old_price-->\n                    <div class=\"u-hide-price u-old-price\" wfd-invisible=\"true\">\n                    <\/div><!--\/product_old_price--><!--product_regular_price-->\n                    <div class=\"u-price\" style=\"font-size: 1.25rem; font-weight: 600;\"><span class=\"woocommerce-Price-amount amount\"><bdi>229,00<span class=\"woocommerce-Price-currencySymbol\">&euro;<\/span><\/bdi><\/span>\n                    <\/div><!--\/product_regular_price-->\n                  <\/div>\n                <\/div>\n                <a data-quantity=\"1\" data-product_id=\"7415\" data-product_sku=\"\" href=\"?add-to-cart=7415\" class=\"u-border-active-none u-border-hover-none u-btn u-btn-rectangle u-button-style u-none u-product-control u-text-palette-1-base u-btn-1 button product_type_simple add_to_cart_button ajax_add_to_cart\">A\u00f1adir al carrito<\/a>\n              <\/div>\n            <\/div>\n            <div class=\"u-align-center u-container-style u-grey-10 u-products-item u-repeater-item u-repeater-item-1\">\n              <div class=\"u-container-layout u-similar-container u-valign-top u-container-layout-1\">\n                <img decoding=\"async\" alt=\"\" class=\"u-expanded-width u-image u-image-default u-product-control u-image-1\" src=\"https:\/\/www.hercruz.com\/wp-content\/uploads\/2021\/09\/WS-6140-ARMARIO-DE-HERRAMIENTAS.png\" style=\"cursor:pointer;\" data-product-control=\"https:\/\/www.hercruz.com\/index.php\/product\/ws-6140-armario-de-herramientas\/\">\n                <h4 class=\"u-align-center u-product-control u-text u-text-1\">\n                  <a class=\"u-product-title-link\" href=\"https:\/\/www.hercruz.com\/index.php\/product\/ws-6140-armario-de-herramientas\/\">WS-6140 ARMARIO DE HERRAMIENTAS<\/a>\n                <\/h4>\n                <div class=\"u-product-control u-product-price u-product-price-1\">\n                  <div class=\"u-price-wrapper u-spacing-10\"><!--product_old_price-->\n                    <div class=\"u-hide-price u-old-price\" wfd-invisible=\"true\">\n                    <\/div><!--\/product_old_price--><!--product_regular_price-->\n                    <div class=\"u-price\" style=\"font-size: 1.25rem; font-weight: 600;\"><span class=\"woocommerce-Price-amount amount\"><bdi>519,00<span class=\"woocommerce-Price-currencySymbol\">&euro;<\/span><\/bdi><\/span>\n                    <\/div><!--\/product_regular_price-->\n                  <\/div>\n                <\/div>\n                <a data-quantity=\"1\" data-product_id=\"7410\" data-product_sku=\"\" href=\"?add-to-cart=7410\" class=\"u-border-active-none u-border-hover-none u-btn u-btn-rectangle u-button-style u-none u-product-control u-text-palette-1-base u-btn-1 button product_type_simple add_to_cart_button ajax_add_to_cart\">A\u00f1adir al carrito<\/a>\n              <\/div>\n            <\/div>\n            <div class=\"u-align-center u-container-style u-grey-10 u-products-item u-repeater-item u-repeater-item-1\">\n              <div class=\"u-container-layout u-similar-container u-valign-top u-container-layout-1\">\n                <img decoding=\"async\" alt=\"\" class=\"u-expanded-width u-image u-image-default u-product-control u-image-1\" src=\"https:\/\/www.hercruz.com\/wp-content\/uploads\/2021\/09\/WS-3500-ESTANTERIA-REGULABLE.png\" style=\"cursor:pointer;\" data-product-control=\"https:\/\/www.hercruz.com\/index.php\/product\/ws-3500-estanteria-regulable\/\">\n                <h4 class=\"u-align-center u-product-control u-text u-text-1\">\n                  <a class=\"u-product-title-link\" href=\"https:\/\/www.hercruz.com\/index.php\/product\/ws-3500-estanteria-regulable\/\">WS-3500 ESTANTER\u00cdA REGULABLE<\/a>\n                <\/h4>\n                <div class=\"u-product-control u-product-price u-product-price-1\">\n                  <div class=\"u-price-wrapper u-spacing-10\"><!--product_old_price-->\n                    <div class=\"u-hide-price u-old-price\" wfd-invisible=\"true\">\n                    <\/div><!--\/product_old_price--><!--product_regular_price-->\n                    <div class=\"u-price\" style=\"font-size: 1.25rem; font-weight: 600;\"><span class=\"woocommerce-Price-amount amount\"><bdi>630,00<span class=\"woocommerce-Price-currencySymbol\">&euro;<\/span><\/bdi><\/span>\n                    <\/div><!--\/product_regular_price-->\n                  <\/div>\n                <\/div>\n                <a data-quantity=\"1\" data-product_id=\"7405\" data-product_sku=\"\" href=\"?add-to-cart=7405\" class=\"u-border-active-none u-border-hover-none u-btn u-btn-rectangle u-button-style u-none u-product-control u-text-palette-1-base u-btn-1 button product_type_simple add_to_cart_button ajax_add_to_cart\">A\u00f1adir al carrito<\/a>\n              <\/div>\n            <\/div>\n            <div class=\"u-align-center u-container-style u-grey-10 u-products-item u-repeater-item u-repeater-item-1\">\n              <div class=\"u-container-layout u-similar-container u-valign-top u-container-layout-1\">\n                <img decoding=\"async\" alt=\"\" class=\"u-expanded-width u-image u-image-default u-product-control u-image-1\" src=\"https:\/\/www.hercruz.com\/wp-content\/uploads\/2021\/09\/WS-3000-PANEL-PERFORADO.png\" style=\"cursor:pointer;\" data-product-control=\"https:\/\/www.hercruz.com\/index.php\/product\/ws-3000-panel-perforado\/\">\n                <h4 class=\"u-align-center u-product-control u-text u-text-1\">\n                  <a class=\"u-product-title-link\" href=\"https:\/\/www.hercruz.com\/index.php\/product\/ws-3000-panel-perforado\/\">WS-3000 PANEL PERFORADO<\/a>\n                <\/h4>\n                <div class=\"u-product-control u-product-price u-product-price-1\">\n                  <div class=\"u-price-wrapper u-spacing-10\"><!--product_old_price-->\n                    <div class=\"u-hide-price u-old-price\" wfd-invisible=\"true\">\n                    <\/div><!--\/product_old_price--><!--product_regular_price-->\n                    <div class=\"u-price\" style=\"font-size: 1.25rem; font-weight: 600;\"><span class=\"woocommerce-Price-amount amount\"><bdi>76,00<span class=\"woocommerce-Price-currencySymbol\">&euro;<\/span><\/bdi><\/span>\n                    <\/div><!--\/product_regular_price-->\n                  <\/div>\n                <\/div>\n                <a data-quantity=\"1\" data-product_id=\"7403\" data-product_sku=\"\" href=\"?add-to-cart=7403\" class=\"u-border-active-none u-border-hover-none u-btn u-btn-rectangle u-button-style u-none u-product-control u-text-palette-1-base u-btn-1 button product_type_simple add_to_cart_button ajax_add_to_cart\">A\u00f1adir al carrito<\/a>\n              <\/div>\n            <\/div>\n            <div class=\"u-align-center u-container-style u-grey-10 u-products-item u-repeater-item u-repeater-item-1\">\n              <div class=\"u-container-layout u-similar-container u-valign-top u-container-layout-1\">\n                <img decoding=\"async\" alt=\"\" class=\"u-expanded-width u-image u-image-default u-product-control u-image-1\" src=\"https:\/\/www.hercruz.com\/wp-content\/uploads\/2021\/09\/WS-2700-CARRO-DE-CAJONES-PORTACONOS-PARA-16-CONOS.png\" style=\"cursor:pointer;\" data-product-control=\"https:\/\/www.hercruz.com\/index.php\/product\/ws-2700-carro-de-cajones-portaconos-para-16-conos\/\">\n                <h4 class=\"u-align-center u-product-control u-text u-text-1\">\n                  <a class=\"u-product-title-link\" href=\"https:\/\/www.hercruz.com\/index.php\/product\/ws-2700-carro-de-cajones-portaconos-para-16-conos\/\">WS-2700 CARRO DE CAJONES+ PORTACONOS PARA 16 CONOS<\/a>\n                <\/h4>\n                <div class=\"u-product-control u-product-price u-product-price-1\">\n                  <div class=\"u-price-wrapper u-spacing-10\"><!--product_old_price-->\n                    <div class=\"u-hide-price u-old-price\" wfd-invisible=\"true\">\n                    <\/div><!--\/product_old_price--><!--product_regular_price-->\n                    <div class=\"u-price\" style=\"font-size: 1.25rem; font-weight: 600;\"><span class=\"woocommerce-Price-amount amount\"><bdi>643,00<span class=\"woocommerce-Price-currencySymbol\">&euro;<\/span><\/bdi><\/span>\n                    <\/div><!--\/product_regular_price-->\n                  <\/div>\n                <\/div>\n                <a data-quantity=\"1\" data-product_id=\"7398\" data-product_sku=\"\" href=\"?add-to-cart=7398\" class=\"u-border-active-none u-border-hover-none u-btn u-btn-rectangle u-button-style u-none u-product-control u-text-palette-1-base u-btn-1 button product_type_simple add_to_cart_button ajax_add_to_cart\">A\u00f1adir al carrito<\/a>\n              <\/div>\n            <\/div>\n            <div class=\"u-align-center u-container-style u-grey-10 u-products-item u-repeater-item u-repeater-item-1\">\n              <div class=\"u-container-layout u-similar-container u-valign-top u-container-layout-1\">\n                <img decoding=\"async\" alt=\"\" class=\"u-expanded-width u-image u-image-default u-product-control u-image-1\" src=\"https:\/\/www.hercruz.com\/wp-content\/uploads\/2021\/09\/WS-2176-BANCO-DE-TRABAJO.png\" style=\"cursor:pointer;\" data-product-control=\"https:\/\/www.hercruz.com\/index.php\/product\/ws-2176-banco-de-trabajo\/\">\n                <h4 class=\"u-align-center u-product-control u-text u-text-1\">\n                  <a class=\"u-product-title-link\" href=\"https:\/\/www.hercruz.com\/index.php\/product\/ws-2176-banco-de-trabajo\/\">WS-2176 BANCO DE TRABAJO<\/a>\n                <\/h4>\n                <div class=\"u-product-control u-product-price u-product-price-1\">\n                  <div class=\"u-price-wrapper u-spacing-10\"><!--product_old_price-->\n                    <div class=\"u-hide-price u-old-price\" wfd-invisible=\"true\">\n                    <\/div><!--\/product_old_price--><!--product_regular_price-->\n                    <div class=\"u-price\" style=\"font-size: 1.25rem; font-weight: 600;\"><span class=\"woocommerce-Price-amount amount\"><bdi>854,00<span class=\"woocommerce-Price-currencySymbol\">&euro;<\/span><\/bdi><\/span>\n                    <\/div><!--\/product_regular_price-->\n                  <\/div>\n                <\/div>\n                <a data-quantity=\"1\" data-product_id=\"7368\" data-product_sku=\"\" href=\"?add-to-cart=7368\" class=\"u-border-active-none u-border-hover-none u-btn u-btn-rectangle u-button-style u-none u-product-control u-text-palette-1-base u-btn-1 button product_type_simple add_to_cart_button ajax_add_to_cart\">A\u00f1adir al carrito<\/a>\n              <\/div>\n            <\/div>\n          <\/div>\n          <div class=\"u-list-control\">\n          <\/div>\n        <\/div>\n      <\/div>\n    <\/section>\n    \n    \n    \n    \n  \n<\/div>","protected":false},"excerpt":{"rendered":"<p>SUMINISTROS HERCRUZ ALMACENAJE ALMACENAMIENTO. Una&nbsp;caja de herramientas&nbsp;es un contenedor utilizado para organizar, contener y transportar&nbsp;herramientas. WS-8023 BANCO DE TRABAJO M\u00d3VIL 888,00&euro; A\u00f1adir al carrito WS-8021 BANCO DE TRABAJO M\u00d3VIL 766,00&euro; A\u00f1adir al carrito WS-7215 ARMARIO INDUSTRIAL 907,00&euro; A\u00f1adir al carrito WS-6233 ARMARIO ARCHIVADOR 229,00&euro; A\u00f1adir al carrito WS-6140 ARMARIO DE HERRAMIENTAS 519,00&euro; A\u00f1adir al carrito&hellip; <a class=\"more-link\" href=\"https:\/\/www.hercruz.com\/index.php\/almacenaje\/\">Seguir leyendo <span class=\"screen-reader-text\">ALMACENAJE<\/span><\/a><\/p>\n","protected":false},"author":1,"featured_media":0,"parent":0,"menu_order":0,"comment_status":"closed","ping_status":"closed","template":"","meta":{"_editorskit_title_hidden":false,"_editorskit_reading_time":0,"_editorskit_is_block_options_detached":false,"_editorskit_block_options_position":"{}","footnotes":""},"class_list":["post-7373","page","type-page","status-publish","hentry","entry"],"jetpack_sharing_enabled":true,"_links":{"self":[{"href":"https:\/\/www.hercruz.com\/index.php\/wp-json\/wp\/v2\/pages\/7373","targetHints":{"allow":["GET"]}}],"collection":[{"href":"https:\/\/www.hercruz.com\/index.php\/wp-json\/wp\/v2\/pages"}],"about":[{"href":"https:\/\/www.hercruz.com\/index.php\/wp-json\/wp\/v2\/types\/page"}],"author":[{"embeddable":true,"href":"https:\/\/www.hercruz.com\/index.php\/wp-json\/wp\/v2\/users\/1"}],"replies":[{"embeddable":true,"href":"https:\/\/www.hercruz.com\/index.php\/wp-json\/wp\/v2\/comments?post=7373"}],"version-history":[{"count":13,"href":"https:\/\/www.hercruz.com\/index.php\/wp-json\/wp\/v2\/pages\/7373\/revisions"}],"predecessor-version":[{"id":7449,"href":"https:\/\/www.hercruz.com\/index.php\/wp-json\/wp\/v2\/pages\/7373\/revisions\/7449"}],"wp:attachment":[{"href":"https:\/\/www.hercruz.com\/index.php\/wp-json\/wp\/v2\/media?parent=7373"}],"curies":[{"name":"wp","href":"https:\/\/api.w.org\/{rel}","templated":true}]}}